578933
In base 9, what is -8680 + 180?
-8500
In base 10, what is 2493 + 4120?
6613
In base 3, what is 1100121101202 + -10?
1100121101122
In base 13, what is -5 + 25ba1a3?
25ba19b
In base 2, what is 110001111011010010000000 + 1001100?
110001111011010011001100
In base 15, what is 1c - 47e34?
-47e17
In base 10, what is 0 - 6766982?
-6766982
In base 5, what is 310302112 + 121?
310302233
In base 15, what is a179 - -1612?
b78b
In base 4, what is -3 + 121130222302?
121130222233
In base 7, what is 140264 - -2054?
142351
In base 9, what is 38 - -16072038?
16072077
In base 11, what is -129a13aa4 + 8?
-129a13a97
In base 9, what is 320 + -165483?
-165163
In base 10, what is -10 - 128918?
-128928
In base 8, what is -211 + 14524760?
14524547
In base 9, what is -1102162485 - -5?
-1102162480
In base 5, what is 31 + -334043102?
-334043021
In base 4, what is -131310301232 + 33?
-131310301133
In base 3, what is -220212110021022012 + -11?
-220212110021022100
In base 4, what is -2 - 131322223233?
-131322223301
In base 12, what is -59b8 - -871?
-5147
In base 11, what is -61 - 2100847?
-21008a8
In base 15, what is -bd1 + 41c?
-7b4
In base 13, what is 260734c + -5?
2607347
In base 9, what is 8 + 65025220?
65025228
In base 5, what is -114443420044 + -11?
-114443420110
In base 10, what is -9 + -32014939?
-32014948
In base 3, what is -11 + 211200002?
211122221
In base 16, what is -2e0 - 88b0?
-8b90
In base 3, what is -2202002012221 - -12?
-2202002012202
In base 14, what is -4 - 3aa58c5?
-3aa58c9
In base 16, what is -9160 - 21?
-9181
In base 5, what is 0 + -43030423?
-43030423
In base 11, what is 2a278 + -47?
2a231
In base 6, what is 2 - -533500432?
533500434
In base 11, what is -174a6 - 8a?
-17585
In base 11, what is -720309 + -181?
-72048a
In base 3, what is 21011 - -11101010?
11122021
In base 14, what is 12913 + 236?
12b49
In base 2, what is -1100000100110100000001 + -1?
-1100000100110100000010
In base 8, what is -46646635 - 4?
-46646641
In base 8, what is -665257 - 45?
-665324
In base 4, what is -22132131002 + 311?
-22132130031
In base 6, what is -34 - 210342?
-210420
In base 9, what is -16 + -2846107?
-2846124
In base 5, what is -20230 + -23243141?
-23313421
In base 10, what is -657 + -48886?
-49543
In base 6, what is -42415 + 211?
-42204
In base 4, what is 1031121 + -20021233?
-12330112
In base 5, what is 10041042313 + -1011?
10041041302
In base 14, what is 29ba2 + -1411?
28791
In base 7, what is -5 + -15236644?
-15236652
In base 10, what is 4175223 - 103?
4175120
In base 16, what is -5381 - -c9?
-52b8
In base 16, what is -3f1 - -351a?
3129
In base 14, what is 2009a2a + -6?
2009a24
In base 8, what is -12111 + -2042?
-14153
In base 8, what is 0 + -1463354335?
-1463354335
In base 12, what is -68656379 - 5?
-68656382
In base 4, what is 1030 + 121221102?
121222132
In base 8, what is 1204 + 616051?
617255
In base 10, what is -4 - -3684504?
3684500
In base 12, what is b9b50 + 33?
b9b83
In base 9, what is -2 - 71801113?
-71801115
In base 13, what is -59a27063 - 0?
-59a27063
In base 16, what is -58808 + 2?
-58806
In base 16, what is -38 + -12b488c?
-12b48c4
In base 4, what is -100 + 1022211302010?
1022211301310
In base 14, what is 6d8d2 - 32a?
6d5a6
In base 9, what is 5 - -643407453?
643407458
In base 12, what is 3017 + -12106?
-b0ab
In base 8, what is -3364 - 154354?
-157740
In base 7, what is 31106 - 4244?
23532
In base 5, what is 134031122443 - 3?
134031122440
In base 15, what is -15 + aa241?
aa22b
In base 11, what is 8 - 617a214?
-617a207
In base 6, what is -215 + -2423321?
-2423540
In base 14, what is -10097a8 - 15?
-10097bd
In base 12, what is -35516 + -1?
-35517
In base 3, what is -10100100121 + -2020100?
-10102120221
In base 10, what is 2060 + -38188?
-36128
In base 12, what is -737 - a269?
-a9a4
In base 15, what is 7e33 + 1904?
9837
In base 13, what is 27 + -12cb67?
-12cb40
In base 5, what is -342 - 214342440?
-214343332
In base 12, what is -270 + -163383?
-163633
In base 2, what is 10000111 + -100110101100001001001?
-100110101011111000010
In base 6, what is 51 - 3351441?
-3351350
In base 12, what is a - 5a93b2?
-5a93a4
In base 10, what is 41828562 - 0?
41828562
In base 8, what is -5210123 - 1220?
-5211343
In base 3, what is -120012000012122122 + -10?
-120012000012122202
In base 2, what is 100111111 + 11100011100111101000?
11100011101100100111
In base 13, what is 40 - -1494c1?
149531
In base 12, what is 47191b4 - 2?
47191b2
In base 13, what is -1b7c + -818?
-2697
In base 2, what is -1001110101101110100100 + -110?
-1001110101101110101010
In base 3, what is 1101222202 - 211202?
1101011000
In base 6, what is 2 - -243112232?
243112234
In base 15, what is -e2b62 + 6?
-e2b5b
In base 2, what is -1111111111001001100100 - -100?
-1111111111001001100000
In base 7, what is 2605242 - -14?
2605256
In base 13, what is 1355 + 96?
141b
In base 16, what is -2 - -19d6907?
19d6905
In base 5, what is 0 + -10012424331?
-10012424331
In base 15, what is 13b46 - 9?
13b3c
In base 7, what is -1601406015 + -13?
-1601406031
In base 4, what is -2032230 + -2021031?
-10113321
In base 8, what is -21466 - -111?
-21355
In base 11, what is -3318 - 416?
-3733
In base 4, what is 11 + -31333120230?
-31333120213
In base 3, what is -100200002010101 - 11010?
-100200002021111
In base 14, what is -1c088 + -1353?
-1d3db
In base 14, what is 27277 - -186?
2741d
In base 4, what is -21 + 133021002000?
133021001313
In base 9, what is 163 + -321315?
-321142
In base 10, what is -234 - 211645?
-211879
In base 3, what is 10210002 - 110112?
10022120
In base 10, what is 496611 - 141?
496470
In base 9, what is 71 - -255600?
255671
In base 9, what is 53783 - -22?
53815
In base 14, what is 16c + 10ac1?
10c4d
In base 4, what is -11202303131 + 0?
-11202303131
In base 11, what is -12843060 + 26?
-12843035
In base 15, what is -1895889 + -a?
-1895894
In base 16, what is -d3fac + 276?
-d3d36
In base 5, what is -43321 + -14341?
-113212
In base 14, what is -249 - 16d88?
-171d3
In base 10, what is 5 + -13931910?
-13931905
In base 5, what is -140030 + 12032?
-122443
In base 2, what is 1110101101110001011000000 - 111?
1110101101110001010111001
In base 12, what is -4 - -21a1b421?
21a1b419
In base 7, what is 1656233 - 103?
1656130
In base 6, what is -3043 + 152420?
145333
In base 12, what is b68 - -502?
146a
In base 10, what is 710588 - 9?
710579
In base 6, what is -14452 - 3344044?
-3402540
In base 7, what is 1550414 + -35?
1550346
In base 14, what is b5881d - a?
b58813
In base 3, what is 2202222220122 - 2?
2202222220120
In base 15, what is -1c91 + 2051?
2b0
In base 16, what is -175 + -823f7?
-8256c
In base 14, what is 4 + 219bbb8?
219bbbc
In base 9, what is 77856 + -15722?
62134
In base 16, what is 2236 + -dc1e?
-b9e8
In base 11, what is -a56 + 158a?
634
In base 13, what is -16 - 2a7175?
-2a718b
In base 2, what is 11001111100111010 + 11110010001?
11010011011001011
In base 3, what is -122 + -1000021001102?
-1000021002001
In base 7, what is -50 - 123011632?
-123012012
In base 16, what is -422a8d + -d?
-422a9a
In base 11, what is -15 + 38730a?
3872a5
In base 10, what is -56884140 + -2?
-56884142
In base 5, what is -2234244 + 102?
-2234142
In base 10, what is 54 + -1759414?
-1759360
In base 11, what is -12 + 327191?
32717a
In base 8, what is -3 - 3240164?
-3240167
In base 12, what is 4a + -5a223a?
-5a21b0
In base 16, what is -202792 + -24?
-2027b6
In base 8, what is 1131260 - -733?
1132213
In base 16, what is -2a210d43 + -1?
-2a210d44
In base 8, what is -102637 - -36?
-102601
In base 11, what is 5 + 902a8673?
902a8678
In base 8, what is 527 - 77770?
-77241
In base 13, what is -16b + 57632?
57494
In base 6, what is -122 - -4353350?
4353224
In base 14, what is 12 + -34a61?
-34a4d
In base 6, what is -4 - -4514110?
4514102
In base 14, what is 2c5d - -2063?
4cc2
In base 14, what is -3 - a2db445?
-a2db448
In base 11, what is 5 - -4369839?
4369843
In base 4, what is -2020113023 + 11?
-2020113012
In base 10, what is -8 + -156709?
-156717
In base 14, what is -153 + a387?
a234
In base 14, what is -c96cb + 14?
-c96b7
In base 14, what is 0 + 146cb12?
146cb12
In base 7, what is -54 + -312546?
-312633
In base 16, what is 249 + 2d93f?
2db88
In base 7, what is -1455534 - -11160?
-1444344
In base 15, what is -3 - 554a55?
-554a58
In base 3, what is 